t is the remainder when u is divided by 159?
75
Suppose -2*d + 119 = -d - 3*f, -4*d + 476 = -f. Suppose 3*z - 92 = a, -a - 6 + 4 = 0. What is the remainder when d is divided by z?
29
Let d(n) = -27*n + 446. What is the remainder when d(-4) is divided by 15?
14
Suppose -42*l = -45*l + 12, 3*l = -w + 477. What is the remainder when w is divided by 237?
228
Suppose -5*z - 665 = -5*d, 4*d + 4*z = 324 + 168. Calculate the remainder when (d/(-6))/(-1) + 4/(-12) is divided by 6.
3
Suppose b - 4*d = -d + 18, -74 = -3*b + 5*d. Let z = 8 - 4. Suppose 0 = z*h + 6 - 34. Calculate the remainder when b is divided by h.
5
Suppose -57 = -g - 4*a, 2*g - 18*a + 22*a = 118. Let o = -215 + 943. Calculate the remainder when o is divided by g.
57
Suppose 0 = 37*v - 30566 - 5990. What is the remainder when v is divided by 10?
8
Let u = 3019 + -2939. What is the remainder when 1358 is divided by u?
78
Suppose 2*v - 5*j = -2*v + 13, -5*v + 8 = 2*j. Suppose -2*x + 2 = 4*c, 4*x - 30 = v*x + 3*c. Calculate the remainder when 52 is divided by x.
7
Suppose 219*c - 15065 = 7930. Calculate the remainder when 322 is divided by c.
7
Let y(o) = o**3 + 53*o**2 - 12*o - 625. Calculate the remainder when 1083 is divided by y(-53).
5
What is the remainder when 5314 is divided by 80/(-42) + 2 - ((-2198372)/462)/17?
274
Suppose -15 + 20 = -g, -5*p + 4*g = -245. Suppose 0 = -2*n + p + 47. What is the remainder when 138 is divided by n?
0
Let v = 677 - 673. Suppose -4*m + 833 = -3*a, -v*a - 172 - 46 = -m. Calculate the remainder when m is divided by 44.
30
Let i = 5028 + -4561. What is the remainder when i is divided by 90?
17
Suppose -2*z + 991 - 319 = 0. What is the remainder when z is divided by 163?
10
Let a(v) = 41*v**2 + 39*v + 230. Calculate the remainder when a(-7) is divided by 6.
4
Let q(h) = -h**3 + 29*h**2 - 4*h + 178. Calculate the remainder when 316 is divided by q(29).
6
Suppose 3*d = -p + 98, 5*d + 3*p = -0*d + 170. Suppose -d*h - 180 = -34*h. What is the remainder when h is divided by 16?
12
Let n = 72 - -58. Calculate the remainder when n is divided by 16*(-9)/198*-11.
2
Let n = 19 + -6. What is the remainder when (-52 + 27)*(-1610)/175 is divided by n?
9
Suppose 4*t + 4*f = 32, -4*t - f = f - 28. Let l be t/4*68/(-6). Let m = 5 - l. Calculate the remainder when m is divided by 12.
10
Let n(i) = -42*i - 1897. What is the remainder when n(-73) is divided by 17?
13
Let k(g) = -5*g**3 + 15*g**2 - 9*g + 46. What is the remainder when 121 is divided by k(3)?
7
What is the remainder when 34 is divided by 12/5*1605/428?
7
Suppose -163*l + 756 = -161*l + 5*o, -1134 = -3*l + 3*o. Calculate the remainder when 1156 is divided by l.
22
Let h(w) = -8*w**2 + 61*w + 29. What is the remainder when h(6) is divided by 60?
47
Suppose -3*u - 3 = -51. Let s be (5 - 4)/(4/u). Calculate the remainder when 23 is divided by (4 - s - 3) + 16.
10
Suppose -25*c - 1350 = -28*c - 3*v, 5*c - 3*v = 2250. Calculate the remainder when c is divided by 65.
60
Suppose -437 = -163*f + 26*f + 111. Let o(t) = -t - 1. Let b be o(9). Let m(p) = -p. What is the remainder when m(b) is divided by f?
2
Let c = -13 - -18. Let y(p) = p - 3. Suppose 0 = -g + 3*q + 19 - 6, -5*q = -2*g + 27. Calculate the remainder when y(g) is divided by c.
3
Let m(v) = -4*v + 25. Let d be m(5). Suppose 6*r - d*r = -10. Let p = r - -25. What is the remainder when 43 is divided by p?
13
Suppose 3*y + 4 = 79. Let s = -87821 + 87879. What is the remainder when s is divided by y?
8
Suppose -28*o + 127 = -125. What is the remainder when (-44)/77 + (-620)/(-7) is divided by o?
7
Let u = -114 + 96. What is the remainder when 107 is divided by (-1 + 17)*u/(-9)?
11
Let h = 1542 + -1535. What is the remainder when ((-372)/(-21))/((-4)/(-14)) is divided by h?
6
Suppose -540 = 81*v - 96*v. What is the remainder when 45 is divided by v?
9
Suppose 6*n - 6*n - 29*n + 4756 = 0. Calculate the remainder when 3110 is divided by n.
158
Let q(w) = -3*w + 5. Let c be q(1). Suppose 111 = c*v - 23. What is the remainder when v is divided by 9?
4
Let t be 10*(-5)/10 - 1. Let w be (-524)/t + 6/(-18). What is the remainder when 3/(-6)*2 + w + 0 is divided by 18?
14
Suppose 2*x - 3*d + 5 = 0, 0 = 2*x - 0*x - d - 5. Suppose x*r = -0*r + 70. Calculate the remainder when r is divided by (-58 + 92 + -39)/(2/(-2)).
4
Let h = -133 + 135. Suppose 3*j = 4*u - 64, -j + 105 - 25 = 4*u. Suppose -h*c + u + 13 = 0. Calculate the remainder when c is divided by 9.
7
Let s = 10897 + -10882. Suppose -2*k - 35 = -209. What is the remainder when k is divided by s?
12
Suppose -9*r = r - 400. Calculate the remainder when (108/(-21))/(75/(-1050)) is divided by r.
32
Suppose -3*c + 54 = 3*y, -c - 5*y + 24 = c. Let s be (-312)/c + 2/11. What is the remainder when 12 is divided by s/(-3) - 2/(-6)?
2
What is the remainder when -51 + 32 - -2164 - (-2 + 12 + -2) is divided by 1068?
1
Suppose -1686 = -2*v + 5*n, 2*v = 31*n - 30*n + 1694. Calculate the remainder when v is divided by 60.
8
Let i(b) = -3*b**2 + 19*b - 64. Let p(j) = -4*j**2 + 18*j - 66. Let l(z) = 5*i(z) - 4*p(z). Calculate the remainder when 143 is divided by l(3).
11
Suppose -14 = -21*v + 49. Suppose -v*g - 89 = -197. What is the remainder when 102 is divided by g?
30
Let v = 16 + -12. Suppose -23 = -l - 5*o, 0*o + v = o. Calculate the remainder when (-5)/((-25)/42)*(2 + l) is divided by 9.
6
Suppose -204*v + 1038513 = 119*v + 34*v. Calculate the remainder when v is divided by 29.
9
Let r(t) = -3*t**2 + 2*t + 1. Let g be r(2). Let f(d) = d**2 - 7*d - 40. Let h be f(11). Calculate the remainder when 19 is divided by h/14 + (-75)/g.
8
Let a be ((-98)/(-7))/(-2)*-1. Suppose -a*l + 79 = -110. What is the remainder when l is divided by 8?
3
Suppose -32 = -2*w + 4*a, 0 = -3*w - 2*a - 2*a + 8. Let h(g) = 73*g + w*g**2 + g**3 - 78*g - 2*g**3 + 6. What is the remainder when 138 is divided by h(7)?
18
Let o(k) = -k**3 + 18*k**2 - 34*k + 41. Let f be (-1310)/(-25) - 2/5. What is the remainder when -2 - (-1)/1*f is divided by o(16)?
5
Let y be (-46)/(-11) + 2/(-11). Suppose -6*v + 32 = -y*v. Suppose -v*r + 832 = -12*r. Calculate the remainder when r is divided by 30.
28
Let u be (1 - 78/24)/((-3)/8). Suppose -i - u = 4*m, -4*i - m = 3*m - 24. What is the remainder when i is divided by 5?
0
Suppose -24*l + 22*l - m = -18, 4*l - 26 = 3*m. What is the remainder when 103 is divided by l?
7
Suppose 28*f - 13*f + 2*f - 408 = 0. Calculate the remainder when 215 is divided by f.
23
Let j(w) = w**2 + 13*w - 26. Let f be j(3). Let t(d) = d**3 - 24*d**2 + 46*d + 43. What is the remainder when t(f) is divided by 26?
9
Let h = -12 + -33. Let x = h + 57. Let u = 178 - 121. Calculate the remainder when u is divided by x.
9
Let s = -15 - -34. Suppose 139*i = 117*i + 1540. Calculate the remainder when i is divided by s.
13
Suppose 165*s - 545 = -2*y + 170*s, -2*s = -3*y + 790. Calculate the remainder when y is divided by 14.
8
Suppose -m - 261 = -4*m - 3*i, -5*i = 4*m - 348. Suppose -4*q + q + 5 = 4*u, 2*q = 6. Let d = 23 + u. What is the remainder when m is divided by d?
21
Let z(t) = 68*t + 3726. Calculate the remainder when z(-12) is divided by 52.
50
Suppose -3*t + h + 53 = -345, 0 = 4*t - 5*h - 516. What is the remainder when 194 is divided by t?
60
Let s(w) = -81*w**2 - 5*w - 20. Let q(g) = 121*g**2 + 10*g + 30. Let j(c) = -5*q(c) - 8*s(c). Calculate the remainder when 145 is divided by j(1).
16
Calculate the remainder when 1538 is divided by 2199*(-3)/9*-1.
72
Suppose -14*m = -6*m - 256. Let l = 17 - m. Let y = l + 35. What is the remainder when y is divided by 6?
2
Let k(v) = 4*v + 203. Calculate the remainder when 356 is divided by k(-29).
8
Let g(r) = -2*r + 0 + 27 + 22 + 0*r. What is the remainder when 223 is divided by g(17)?
13
Let n(g) = -2*g**2 + 60*g + 114. Let i be n(26). Let c = 352 - i. Calculate the remainder when c is divided by 7.
2
Let n = 1389 + -798. Let j = n + -561. Calculate the remainder when 1137 is divided by j.
27
Let u(j) = -7*j + 65. Let v(g) = g**3 - g**2 + g - 19. Let p be v(0). Let x = p - -35. Calculate the remainder when x is divided by u(8).
7
Suppose -2*k + 0*k = -4*o + 5628, -385*k + 384*k = 0. What is the remainder when o is divided by 13?
3
Let z be (4/6)/((-14)/(-42)). What is the remainder when ((-184)